{"id":1165,"date":"2022-02-28T06:23:08","date_gmt":"2022-02-28T06:23:08","guid":{"rendered":"https:\/\/hevesmemorial.hu\/?page_id=1165"},"modified":"2022-02-28T06:26:22","modified_gmt":"2022-02-28T06:26:22","slug":"v-a-holocaust","status":"publish","type":"page","link":"https:\/\/hevesmemorial.hu\/?page_id=1165","title":{"rendered":"V.  A HOLOCAUST"},"content":{"rendered":"<div data-colibri-id=\"1165-c1\" class=\"style-1218 style-local-1165-c1 position-relative\">\n  <!---->\n  <div data-colibri-component=\"section\" data-colibri-id=\"1165-c2\" id=\"blank-2\" class=\"h-section h-section-global-spacing d-flex align-items-lg-center align-items-md-center align-items-center style-1219 style-local-1165-c2 position-relative\">\n    <!---->\n    <!---->\n    <div class=\"h-section-grid-container h-section-boxed-container\">\n      <!---->\n      <div data-colibri-id=\"1165-c3\" class=\"h-row-container gutters-row-lg-2 gutters-row-md-2 gutters-row-0 gutters-row-v-lg-2 gutters-row-v-md-2 gutters-row-v-2 style-1220 style-local-1165-c3 position-relative\">\n        <!---->\n        <div class=\"h-row justify-content-lg-center justify-content-md-center justify-content-center align-items-lg-stretch align-items-md-stretch align-items-stretch gutters-col-lg-2 gutters-col-md-2 gutters-col-0 gutters-col-v-lg-2 gutters-col-v-md-2 gutters-col-v-2\">\n          <!---->\n          <div class=\"h-column h-column-container d-flex h-col-lg-auto h-col-md-auto h-col-auto style-1221-outer style-local-1165-c4-outer\">\n            <div data-colibri-id=\"1165-c4\" class=\"d-flex h-flex-basis h-column__inner h-ui-empty-state-container h-px-lg-2 h-px-md-2 h-px-2 v-inner-lg-2 v-inner-md-2 v-inner-2 style-1221 style-local-1165-c4 position-relative\">\n              <!---->\n              <!---->\n              <div class=\"w-100 h-y-container h-column__content h-column__v-align flex-basis-100\">\n                <!---->\n              <\/div>\n            <\/div>\n          <\/div>\n          <div class=\"h-column h-column-container d-flex h-col-lg-auto h-col-md-auto h-col-auto style-1222-outer style-local-1165-c5-outer\">\n            <div data-colibri-id=\"1165-c5\" class=\"d-flex h-flex-basis h-column__inner h-ui-empty-state-container h-px-lg-2 h-px-md-2 h-px-2 v-inner-lg-2 v-inner-md-2 v-inner-2 style-1222 style-local-1165-c5 position-relative\">\n              <!---->\n              <!---->\n              <div class=\"w-100 h-y-container h-column__content h-column__v-align flex-basis-100\">\n                <!---->\n              <\/div>\n            <\/div>\n          <\/div>\n        <\/div>\n      <\/div>\n    <\/div>\n  <\/div>\n  <div data-colibri-component=\"section\" data-colibri-id=\"1165-c10\" id=\"custom\" class=\"h-section h-section-global-spacing d-flex align-items-lg-center align-items-md-center align-items-center style-1227 style-local-1165-c10 position-relative\">\n    <!---->\n    <!---->\n    <div class=\"h-section-grid-container h-section-boxed-container\">\n      <!---->\n      <div data-colibri-id=\"1165-c11\" class=\"h-row-container gutters-row-lg-2 gutters-row-md-2 gutters-row-0 gutters-row-v-lg-2 gutters-row-v-md-2 gutters-row-v-2 style-1228 style-local-1165-c11 position-relative\">\n        <!---->\n        <div class=\"h-row justify-content-lg-center justify-content-md-center justify-content-center align-items-lg-stretch align-items-md-stretch align-items-stretch gutters-col-lg-2 gutters-col-md-2 gutters-col-0 gutters-col-v-lg-2 gutters-col-v-md-2 gutters-col-v-2\">\n          <!---->\n          <div class=\"h-column h-column-container d-flex h-col-lg-auto h-col-md-auto h-col-auto style-1229-outer style-local-1165-c12-outer\">\n            <div data-colibri-id=\"1165-c12\" class=\"d-flex h-flex-basis h-column__inner h-px-lg-2 h-px-md-2 h-px-2 v-inner-lg-2 v-inner-md-2 v-inner-2 style-1229 style-local-1165-c12 position-relative\">\n              <!---->\n              <!---->\n              <div class=\"w-100 h-y-container h-column__content h-column__v-align flex-basis-100 align-self-lg-start align-self-md-start align-self-start\">\n                <!---->\n                <div data-colibri-id=\"1165-c13\" class=\"h-text h-text-component style-1230 style-local-1165-c13 position-relative h-element\">\n                  <!---->\n                  <!---->\n                  <div class=\"\">\n                    <h1>V.<span style=\"font-size: 11pt;\">&nbsp;<\/span><span style=\"font-size: 16pt;\">A HOLOCAUST<\/span><strong style=\"font-size: 11pt;\">&nbsp;<\/strong><\/h1>\n                    <p><span style=\"font-size: 11pt;\">&nbsp;&nbsp;&nbsp;&nbsp;&nbsp;&nbsp;&nbsp;&nbsp;&nbsp;&nbsp;&nbsp;A magyarorsz\u00e1gi zsid\u00f3s\u00e1g igazi trag\u00e9di\u00e1ja a n\u00e9met megsz\u00e1ll\u00e1s ut\u00e1n k\u00f6vetkezett. A Holocaust\u00e9rt els\u0151sorban \u00e9s t\u00falnyom\u00f3r\u00e9szt a hitleri eszm\u00e9k \u00e9s n\u00e9met v\u00e9grehajt\u00f3ik a felel\u0151sek. A magyar zsid\u00f3s\u00e1g a zsid\u00f3t\u00f6rv\u00e9nyek, a Kamenyec-Podolszkij-i deport\u00e1l\u00e1s, a munkaszolg\u00e1lat ellen\u00e9re 1944. m\u00e1rcius\u00e1ig eur\u00f3pai t\u00e1rsaikhoz k\u00e9pest v\u00e9dettebb helyzetben volt. Az a t\u00e9ny, hogy Hitler sz\u00e1m\u00e1ra a neh\u00e9z hadihelyzet, a m\u00e1sodik front megnyit\u00e1sa, a saj\u00e1t hadiut\u00e1np\u00f3tl\u00e1s\u00e1nak biztos\u00edt\u00e1s\u00e1n\u00e1l fontosabb volt az eddig m\u00e9g majdnem \u00e9rintetlen magyar zsid\u00f3s\u00e1g elsz\u00e1ll\u00edt\u00e1sa \u00e9s lehet\u0151leg teljes megsemmis\u00edt\u00e9se, mutatja a Holocaust totalit\u00e1s\u00e1t \u00e9s egyedis\u00e9g\u00e9t, \u00e9s mindeddig igaz\u00e1n racion\u00e1lis okokkal val\u00f3 megmagyar\u00e1zhatatlans\u00e1g\u00e1t is. <\/span><\/p>\n                    <p>\n                      <br>\n                    <\/p>\n                  <\/div>\n                <\/div>\n                <div data-colibri-id=\"1165-c14\" class=\"d-block style-1231 style-local-1165-c14 position-relative h-element\">\n                  <!---->\n                  <div class=\"h-image__frame-container-outer\">\n                    <div class=\"h-image__frame-container\">\n                      <!---->\n                      <!---->\n                      <img loading=\"lazy\" decoding=\"async\" width=\"249\" height=\"400\" src=\"http:\/\/hevesmemorial.hu\/wp-content\/uploads\/2022\/02\/holoc1.png\" class=\"wp-image-1192 style-1231-image style-local-1165-c14-image\" alt=\"\" srcset=\"https:\/\/hevesmemorial.hu\/wp-content\/uploads\/2022\/02\/holoc1.png 249w, https:\/\/hevesmemorial.hu\/wp-content\/uploads\/2022\/02\/holoc1-187x300.png 187w\" sizes=\"auto, (max-width: 249px) 100vw, 249px\" \/>\n                      <div class=\"h-image__frame h-hide-lg h-hide-md h-hide-sm style-1231-frameImage style-local-1165-c14-frameImage\"><\/div>\n                    <\/div>\n                  <\/div>\n                <\/div>\n                <div data-colibri-id=\"1165-c15\" class=\"h-text h-text-component style-1232 style-local-1165-c15 position-relative h-element\">\n                  <!---->\n                  <!---->\n                  <div class=\"\">\n                    <p><em style=\"font-size: 11pt;\">Horv\u00e1th K\u00e1lm\u00e1n honv\u00e9dsz\u00e1zados<\/em><\/p>\n                    <p><span style=\"font-size: 11pt;\">M\u00e9gis, az ide\u00e9rkez\u0151 Otto Adolf Eichmann (Solingen, 1906. m\u00e1rcius 19. \u2013 Ramla, 1962. m\u00e1jus 31.]) n\u00e9met SS-Obersturmbannf\u00fchrer, a Nemzetiszocialista N\u00e9met Munk\u00e1sp\u00e1rt vezet\u0151 tagja, a zsid\u00f3deport\u00e1l\u00e1sok egyik f\u0151 szervez\u0151je \u00e9s kis csoportja nem \u00e9rhetett volna el ilyen gyors sikert, ha a magyar k\u00f6zigazgat\u00e1s nem teljes\u00edtette volna annyira k\u00e9szs\u00e9gesen parancsaikat. Ennek ideol\u00f3giai el\u0151k\u00e9sz\u00edt\u0151je volt a Horthy-korszak, a kereszt\u00e9ny-nemzeti kurzus negyedsz\u00e1zadnyi antiszemitizmusa, amelynek hat\u00e1s\u00e1ra a zsid\u00f3s\u00e1g elhurcol\u00e1s\u00e1ra az emberek t\u00f6bbs\u00e9ge k\u00f6z\u00f6mb\u00f6ss\u00e9ggel reag\u00e1lt, vagy \u00e9ppen egy\u00fcttm\u0171k\u00f6dve a hat\u00f3s\u00e1gokkal feljelentette a zsid\u00f3kat legapr\u00f3bb szab\u00e1lytalans\u00e1gok\u00e9rt is. Term\u00e9szetesen sok tisztess\u00e9ges ember pr\u00f3b\u00e1lt tenni valamit, itt Heves megy\u00e9ben is, t\u00f6bbek k\u00f6z\u00f6tt Czapik Gyula (1887-1956) egri \u00e9rsek, aki Szt\u00f3jay D\u00f6me minisztereln\u00f6kn\u00e9l tiltakozott a zsid\u00f3s\u00e1g elhurcol\u00e1sa ellen, eredm\u00e9ny n\u00e9lk\u00fcl. Horv\u00e1th K\u00e1lm\u00e1n honv\u00e9d sz\u00e1zados, akik akt\u00edvan, \u00e9lete kock\u00e1ztat\u00e1s\u00e1val t\u00f6bbezer korhat\u00e1ron k\u00edv\u00fcli f\u00e9rfit sorozott be a VII. csend\u0151rker\u00fclet gett\u00f3it v\u00e9gigj\u00e1rva, akik \u00edgy j\u00f3val nagyobb lehet\u0151s\u00e9get kaptak a t\u00fal\u00e9l\u00e9sre. 1994-ben megkapta a Vil\u00e1g Igaza kit\u00fcntet\u00e9st, 1999-ben dand\u00e1rt\u00e1bornokk\u00e1 nevezt\u00e9k ki. <\/span><\/p>\n                    <p>\n                    <span style=\"font-size: 11pt;\">\u201eHevesi J\u00e1r\u00e1si Zsid\u00f3 Bizotts\u00e1g 1945. j\u00fanius 6. \u05f4A Hevesi J\u00e1r\u00e1si Zsid\u00f3 Bizotts\u00e1g t\u00f6bb tagja \u00e9let\u00e9t k\u00f6sz\u00f6nheti Horv\u00e1th K\u00e1lm\u00e1n sz\u00e1zadonak. Meg vagyunk gy\u0151z\u0151dve arr\u00f3l, ha annak idej\u00e9n a munkaszolg\u00e1latosok \u00fcgy\u00e9t nem Horv\u00e1th sz\u00e1zados int\u00e9zi, sokkal t\u00f6bb \u00e1ldozat lett volna a VII. hadtest ter\u00fclet\u00e9n. Szem\u00e9lyes tapasz- talatunk, hogy 12 \u00e9ves gyermekeket sorozott be apjukkal egy\u00fctt, hogy \u0151ket mentse, de 70 \u00e9ves ember is volt a munkaszolg\u00e1latosok k\u00f6z\u00f6tt.\u201d (\u00daj \u00c9let. 1996.51.\u00e9vf. 24.sz.)<\/span><\/p>\n                    <p>\n                    <span style=\"font-size: 11pt;\">Ferenczfalvi K\u00e1lm\u00e1n (1921-2005) a holokauszt idej\u00e9n gazdas\u00e1gi hadapr\u00f3d-\u0151rmester t\u00f6bbek k\u00f6z\u00f6tt megmentett 2000 r\u00e1b\u00edzott munkaszolg\u00e1latost, akiket a parancs ellen\u00e9re sem adott \u00e1t 1944. november\u00e9ben a n\u00e9meteknek. Nem egy egyszer\u0171 ember is megpr\u00f3b\u00e1lt \u00e9rt\u00e9keket menteni, embereket b\u00fajtatni.<\/span>\n                      <a\n                        href=\"#_ftn1\" style=\"font-size: 11pt; font-family: &quot;Times New Roman&quot;, serif;\">[1]<\/a><span style=\"font-size: 11pt;\"> 1987-ben kapta meg a Vil\u00e1g Igaza d\u00edjat.<\/span><\/p>\n                    <p>\n                      <a href=\"#_ftnref1\" style=\"font-family: &quot;Times New Roman&quot;, serif; font-size: 10pt;\">[1]<\/a> Ferenczfalvi L\u00e1szl\u00f3 1987-ben v\u00e1lasztott\u00e1k a Vil\u00e1g Igazai k\u00f6ze. K\u00f6zli Horv\u00e1th L\u00e1szl\u00f3.1999. 79 l.<\/p>\n                    <p>Horv\u00e1th sz\u00e1zados urat a megmentettek a rendszerv\u00e1lt\u00e1s ut\u00e1n felkutatt\u00e1k, 1993-ban t\u00e1bornoki rangot kapott, \u00e9s a jeruzs\u00e1lemi&nbsp;J\u00e1d Vashem Int\u00e9zetben a Vil\u00e1g Igazai k\u00f6z\u00e9 v\u00e1lasztott\u00e1k, meghat\u00f3 \u00fcnneps\u00e9g k\u00f6zepette, ahol a nagy eml\u00e9kcsarnokot\n                      bet\u00f6lt\u00f6tt\u00e9k a megmentettek, \u00e9s csal\u00e1dtagjaik.<\/p>\n                  <\/div>\n                <\/div>\n              <\/div>\n            <\/div>\n          <\/div>\n        <\/div>\n      <\/div>\n    <\/div>\n  <\/div>\n<\/div>","protected":false},"excerpt":{"rendered":"<p>V.&nbsp;A HOLOCAUST&nbsp; &nbsp;&nbsp;&nbsp;&nbsp;&nbsp;&nbsp;&nbsp;&nbsp;&nbsp;&nbsp;&nbsp;A magyarorsz\u00e1gi zsid\u00f3s\u00e1g igazi trag\u00e9di\u00e1ja a n\u00e9met megsz\u00e1ll\u00e1s ut\u00e1n k\u00f6vetkezett. A Holocaust\u00e9rt els\u0151sorban \u00e9s t\u00falnyom\u00f3r\u00e9szt a hitleri eszm\u00e9k \u00e9s n\u00e9met v\u00e9grehajt\u00f3ik a felel\u0151sek. A magyar zsid\u00f3s\u00e1g a zsid\u00f3t\u00f6rv\u00e9nyek, a Kamenyec-Podolszkij-i deport\u00e1l\u00e1s, a munkaszolg\u00e1lat ellen\u00e9re 1944. m\u00e1rcius\u00e1ig eur\u00f3pai t\u00e1rsaikhoz k\u00e9pest v\u00e9dettebb helyzetben volt. Az a t\u00e9ny, hogy Hitler sz\u00e1m\u00e1ra a neh\u00e9z hadihelyzet, a m\u00e1sodik [&hellip;]<\/p>\n","protected":false},"author":1,"featured_media":0,"parent":0,"menu_order":0,"comment_status":"closed","ping_status":"closed","template":"page-templates\/full-width-page.php","meta":{"footnotes":""},"class_list":["post-1165","page","type-page","status-publish","hentry"],"_links":{"self":[{"href":"https:\/\/hevesmemorial.hu\/index.php?rest_route=\/wp\/v2\/pages\/1165","targetHints":{"allow":["GET"]}}],"collection":[{"href":"https:\/\/hevesmemorial.hu\/index.php?rest_route=\/wp\/v2\/pages"}],"about":[{"href":"https:\/\/hevesmemorial.hu\/index.php?rest_route=\/wp\/v2\/types\/page"}],"author":[{"embeddable":true,"href":"https:\/\/hevesmemorial.hu\/index.php?rest_route=\/wp\/v2\/users\/1"}],"replies":[{"embeddable":true,"href":"https:\/\/hevesmemorial.hu\/index.php?rest_route=%2Fwp%2Fv2%2Fcomments&post=1165"}],"version-history":[{"count":2,"href":"https:\/\/hevesmemorial.hu\/index.php?rest_route=\/wp\/v2\/pages\/1165\/revisions"}],"predecessor-version":[{"id":1194,"href":"https:\/\/hevesmemorial.hu\/index.php?rest_route=\/wp\/v2\/pages\/1165\/revisions\/1194"}],"wp:attachment":[{"href":"https:\/\/hevesmemorial.hu\/index.php?rest_route=%2Fwp%2Fv2%2Fmedia&parent=1165"}],"curies":[{"name":"wp","href":"https:\/\/api.w.org\/{rel}","templated":true}]}}