{"id":1167,"date":"2022-02-28T06:23:08","date_gmt":"2022-02-28T06:23:08","guid":{"rendered":"https:\/\/hevesmemorial.hu\/?page_id=1167"},"modified":"2022-05-28T17:31:06","modified_gmt":"2022-05-28T17:31:06","slug":"heves-megyei-hitkozsegek-1944-aprilisaban","status":"publish","type":"page","link":"https:\/\/hevesmemorial.hu\/?page_id=1167","title":{"rendered":"HEVES MEGYEI HITK\u00d6ZS\u00c9GEK 1944. \u00c1PRILIS\u00c1BAN"},"content":{"rendered":"<div data-colibri-id=\"1167-c1\" class=\"style-1233 style-local-1167-c1 position-relative\">\n  <!---->\n  <div data-colibri-component=\"section\" data-colibri-id=\"1167-c10\" id=\"custom\" class=\"h-section h-section-global-spacing d-flex align-items-lg-center align-items-md-center align-items-center style-1242 style-local-1167-c10 position-relative\">\n    <!---->\n    <!---->\n    <div class=\"h-section-grid-container h-section-boxed-container\">\n      <!---->\n      <div data-colibri-id=\"1167-c11\" class=\"h-row-container gutters-row-lg-2 gutters-row-md-2 gutters-row-0 gutters-row-v-lg-2 gutters-row-v-md-2 gutters-row-v-2 style-1243 style-local-1167-c11 position-relative\">\n        <!---->\n        <div class=\"h-row justify-content-lg-center justify-content-md-center justify-content-center align-items-lg-stretch align-items-md-stretch align-items-stretch gutters-col-lg-2 gutters-col-md-2 gutters-col-0 gutters-col-v-lg-2 gutters-col-v-md-2 gutters-col-v-2\">\n          <!---->\n          <div class=\"h-column h-column-container d-flex h-col-lg-auto h-col-md-auto h-col-auto style-1244-outer style-local-1167-c12-outer\">\n            <div data-colibri-id=\"1167-c12\" class=\"d-flex h-flex-basis h-column__inner h-px-lg-2 h-px-md-2 h-px-2 v-inner-lg-2 v-inner-md-2 v-inner-2 style-1244 style-local-1167-c12 position-relative\">\n              <!---->\n              <!---->\n              <div class=\"w-100 h-y-container h-column__content h-column__v-align flex-basis-100 align-self-lg-start align-self-md-start align-self-start\">\n                <!---->\n                <div data-colibri-id=\"1167-c13\" class=\"h-text h-text-component style-1245 style-local-1167-c13 justified position-relative h-element\">\n                  <!---->\n                  <!---->\n                  <div class=\"\">\n                    <p><span style=\"font-weight: 700;\">Heves megyei hitk\u00f6zs\u00e9gek 1944. \u00e1prilis\u00e1ban [1]&nbsp;<\/span><\/p>\n                    <p>A min\u00e9l teljesebb nyilv\u00e1ntart\u00e1s \u00e9s elhurcolhat\u00f3s\u00e1g \u00e9rdek\u00e9ben a a n\u00e9met hat\u00f3s\u00e1gok rendelettel k\u00f6telezt\u00e9k a Magyar Zsid\u00f3k K\u00f6zponti Tan\u00e1cs\u00e1t, hogy k\u00e9rd\u0151\u00edveken \u00edrassa \u00f6ssze a magyarorsz\u00e1gi hitk\u00f6zs\u00e9gek adatait. A fennmaradt kartonlapok\n                      alapj\u00e1n 1944-ben a megy\u00e9ben 15 helys\u00e9gben 17 hitk\u00f6zs\u00e9g m\u0171k\u00f6d\u00f6tt, ebb\u0151l \u00f6t volt fi\u00f3khitk\u00f6zs\u00e9g. Egerben \u00e9s Gy\u00f6ngy\u00f6s\u00f6n k\u00e9t hitk\u00f6zs\u00e9g m\u0171k\u00f6d\u00f6tt, egyszerre ortodox \u00e9s status quo. A vid\u00e9ki hitk\u00f6zs\u00e9gek ortodoxok, kiv\u00e9ve a hatvani kongresszusi\n                      hitk\u00f6zs\u00e9get. Tizenegy helyen m\u0171k\u00f6d\u00f6tt rabbi, a k\u00e9t gy\u00f6ngy\u00f6si, az egri ortodox, \u00e9s a tiszaf\u00fcredi k\u00f6z\u00f6ss\u00e9gekn\u00e9l kett\u0151 is, k\u00fcl\u00f6n anyak\u00f6nyvvezet\u0151 rabbi. Ekkor m\u00e1r csak Egerben, Hevesen \u00e9s Tiszaf\u00fcreden tartott fenn a hitk\u00f6zs\u00e9g elemi iskol\u00e1t.\n                      A legnagyobb l\u00e9tsz\u00e1m\u00fa a gy\u00f6ngy\u00f6si status quo hitk\u00f6zs\u00e9g 1356 taggal, a legkisebb a tiszan\u00e1nai fi\u00f3khitk\u00f6zs\u00e9g 35 taggal. Az egykor n\u00e9pes verpel\u00e9ti k\u00f6z\u00f6ss\u00e9g ekkor m\u00e1r csak 87 tagot sz\u00e1ml\u00e1lt. A n\u00e9met megsz\u00e1ll\u00e1s ut\u00e1n sorozatban j\u00f6ttek\n                      a zsid\u00f3k \u00e9let\u00e9t korl\u00e1toz\u00f3 rendeletek, amelyek a megy\u00e9ben megjelen\u0151 h\u00e1rom helyi \u00fajs\u00e1gban is megjelentek, de els\u0151sorban a megyesz\u00e9khely \u00fajs\u00e1g\u00e1ban.[2]<span style=\"font-size: 11pt;\"> <\/span><\/p>\n                  <\/div>\n                <\/div>\n                <div data-colibri-id=\"1167-c14\" class=\"h-text h-text-component style-1388 style-local-1167-c14 position-relative h-element\">\n                  <!---->\n                  <!---->\n                  <div class=\"\">\n                    <p>[1]&nbsp;Magyarorsz\u00e1gi zsid\u00f3 hitk\u00f6zs\u00e9gek 1944. 1994.&nbsp;67, 187, 196, 244, 245,&nbsp;l.\n                      <br>[2]&nbsp;Hatvani N\u00e9plap, Gy\u00f6ngy\u00f6si \u00dajs\u00e1g, Egri \u00dajs\u00e1g<\/p>\n                  <\/div>\n                <\/div>\n                <div data-colibri-id=\"1167-c15\" class=\"d-block style-1246 style-local-1167-c15 position-relative h-element\">\n                  <!---->\n                  <div class=\"h-image__frame-container-outer\">\n                    <div class=\"h-image__frame-container\">\n                      <!---->\n                      <!---->\n                      <img loading=\"lazy\" decoding=\"async\" width=\"3267\" height=\"1317\" src=\"http:\/\/hevesmemorial.hu\/wp-content\/uploads\/2022\/02\/holoc2.png\" class=\"wp-image-1200 style-1246-image style-local-1167-c15-image\" alt=\"\" srcset=\"https:\/\/hevesmemorial.hu\/wp-content\/uploads\/2022\/02\/holoc2.png 3267w, https:\/\/hevesmemorial.hu\/wp-content\/uploads\/2022\/02\/holoc2-300x121.png 300w, https:\/\/hevesmemorial.hu\/wp-content\/uploads\/2022\/02\/holoc2-1024x413.png 1024w, https:\/\/hevesmemorial.hu\/wp-content\/uploads\/2022\/02\/holoc2-768x310.png 768w, https:\/\/hevesmemorial.hu\/wp-content\/uploads\/2022\/02\/holoc2-1536x619.png 1536w, https:\/\/hevesmemorial.hu\/wp-content\/uploads\/2022\/02\/holoc2-2048x826.png 2048w\" sizes=\"auto, (max-width: 3267px) 100vw, 3267px\" \/>\n                      <div class=\"h-image__frame h-hide-lg h-hide-md h-hide-sm style-1246-frameImage style-local-1167-c15-frameImage\"><\/div>\n                    <\/div>\n                  <\/div>\n                <\/div>\n                <div data-colibri-id=\"1167-c16\" class=\"h-text h-text-component style-1247 style-local-1167-c16 justified position-relative h-element\">\n                  <!---->\n                  <!---->\n                  <div class=\"\">\n                    <p><span style=\"font-weight: 700;\">Az egri ortodox hitk\u00f6zs\u00e9g 1944-es kartonlapja (MILEV)&nbsp;<\/span><\/p>\n                    <p>A gett\u00f3k fel\u00e1ll\u00edt\u00e1s\u00e1r\u00f3l \u00e1prilis 28-\u00e1n jelent meg az 1610\/1944. \u00e9vi M.E. rendelete, \u201ea zsid\u00f3k lak\u00e1s\u00e1val \u00e9s lak\u00f3hely\u00e9nek kijel\u00f6l\u00e9s\u00e9vel kapcsolatos egyes k\u00e9rd\u00e9sek szab\u00e1lyoz\u00e1sa t\u00e1rgy\u00e1ban. Dr. Szab\u00f3 Gyula alisp\u00e1n: \u201eA gett\u00f3 fel\u00e1ll\u00edt\u00e1sa v\u00e9gett\n                      a Bel\u00fcgyminiszt\u00e9riumba lett\u00fcnk h\u00edvatva, Zs\u00e1kay J\u00f3zsef, a f\u0151isp\u00e1n, a gy\u00f6ngy\u00f6si rend\u0151rkapit\u00e1nys\u00e1g vezet\u0151je. Ekkor azt az utas\u00edt\u00e1st kaptuk, hogy a gett\u00f3t jel\u00f6lj\u00fck ki.&#8221;[1]\n                      <br>&nbsp;&nbsp;Heves megye alisp\u00e1nja minden \u00e9vben nyomtat\u00e1sban adta ki \u00e9ves besz\u00e1mol\u00f3j\u00e1t, az 1944. m\u00e1rcius 1. \u00e9s augusztus 31. k\u00f6z\u00f6tti id\u0151szak jelent\u00e9s\u00e9ben dr. Szab\u00f3 Gyula a k\u00f6vetkez\u0151ket \u00edrta:&nbsp;&nbsp;&nbsp;&nbsp;\n                      <br>&nbsp;&nbsp;\u201eA zsid\u00f3knak gett\u00f3kba val\u00f3 k\u00f6lt\u00f6ztet\u00e9se a v\u00e1rmegy\u00e9nkben 6.601 szem\u00e9lyt \u00e9rintett, \u00e9spedig: Eger v\u00e1ros\u00e1ban 1.620, Gy\u00f6ngy\u00f6s v\u00e1rosban 1824, az Egri j\u00e1r\u00e1sban 352, a Gy\u00f6ngy\u00f6si j\u00e1r\u00e1sban 174, a Hatvani j\u00e1r\u00e1sban 1.121, a Hevesi\n                      j\u00e1r\u00e1sban 625, a P\u00e9terv\u00e1s\u00e1ri j\u00e1r\u00e1sban 184, a Tiszaf\u00fcredi j\u00e1r\u00e1sban 701 szem\u00e9lyt. A helyi hat\u00f3s\u00e1gokkal egyet\u00e9rt\u00e9sben a gett\u00f3 ter\u00fclet\u00e9t Eger \u00e9s Gy\u00f6ngy\u00f6s megyei v\u00e1rosokban, tov\u00e1bb\u00e1 Hatvan \u00e9s Tiszaf\u00fcred k\u00f6zs\u00e9gekben jel\u00f6ltem ki. A v\u00e1rmegye\n                      t\u00f6bbi k\u00f6zs\u00e9geib\u0151l elk\u00f6lt\u00f6z\u0151 zsid\u00f3k r\u00e9sz\u00e9re ideiglenes tart\u00f3zkod\u00e1si hely\u00fcl a Sz\u00facs k\u00f6zs\u00e9ghez tartoz\u00f3 Bag\u00f3lyuk nev\u0171 ez ideig r\u00e9szben lakott b\u00e1nyater\u00fcletet jel\u00f6ltem ki. Gondoskodtam arr\u00f3l, hogy az aggok, betegek, sz\u00fcl\u0151 n\u0151k, \u00e9s rag\u00e1lyos\n                      betegek r\u00e9sz\u00e9re betegszob\u00e1k \u00e1lljanak rendelkez\u00e9sre, ahol gondosabb \u00e1pol\u00e1suk megt\u00f6rt\u00e9nhetik. A kik\u00f6lt\u00f6z\u00e9s lebonyol\u00edt\u00e1s\u00e1ba a helyi hat\u00f3s\u00e1gok \u00e1ltal kijel\u00f6lt zsid\u00f3 tan\u00e1csot bevontam. A gett\u00f3ba val\u00f3 kik\u00f6lt\u00f6z\u00e9s zavar\u00f3 incidens n\u00e9lk\u00fcl t\u00f6rt\u00e9nt\n                      meg. A t\u00e1borok feletti fel\u00fcgyeletet k\u00e9s\u0151bb a k\u00f6zigazgat\u00e1si hat\u00f3s\u00e1gokt\u00f3l a m. kir. t\u00e1bori csend\u0151rs\u00e9g vette \u00e1t a bagolylyuki&nbsp;\u00e9s az egri gett\u00f3 tagjait Kerecsendre sz\u00e1ll\u00edtotta. Innen, tov\u00e1bb\u00e1 a hatvani \u00e9s gy\u00f6ngy\u00f6si t\u00e1borhelyekr\u0151l\n                      adta \u00e1t a csend\u0151rs\u00e9g a zsid\u00f3kat a n\u00e9met parancsnoks\u00e1gnak.&#8221;\n                      <br>&nbsp;&nbsp;A Bel\u00fcgyminiszt\u00e9rium \u00e1prilisban rendeletben adta ki a helyi rendv\u00e9delmi szerveknek, hogy a baloldali p\u00e1rtok, a szakszervezetek vezet\u0151it, illetve az \u0151ket t\u00e1mogat\u00f3 zsid\u00f3 szem\u00e9lyeket vegy\u00e9k \u0151rizetbe, onnan pedig a Budapesti\n                      tolonch\u00e1zba sz\u00e1ll\u00edts\u00e1k \u0151ket, ezt az egyes telep\u00fcl\u00e9seken meg is t\u00f6rt\u00e9nt. A megy\u00e9ben megjelen\u0151 \u00fajs\u00e1gok, els\u0151sorban az Eger k\u00f6z\u00f6lte nemcsak a zsid\u00f3ellenes rendeleteket is, hanem a rendeletek megszeg\u0151i ellen hozott int\u00e9zked\u00e9seket. A\n                      s\u00e1rga csillag nem visel\u00e9se miatt t\u00f6bbek k\u00f6z\u00f6tt megb\u00fcntett\u00e9k Sch\u00e4ffer Istv\u00e1n \u00e9s L\u00e1szl\u00f3 egercsehi, Goldmann Dezs\u0151 k\u00e1li lakosokat k\u00e9t h\u00f3nap elz\u00e1r\u00e1sra \u00edt\u00e9lt\u00e9k.[2] Az Eger c\u00edm\u0171 \u00fajs\u00e1gban 1944. m\u00e1jus 6-\u00e1n jelent meg (A megalak\u00edtand\u00f3 zsid\u00f3\n                      tan\u00e1cs v\u00e9gzi el a kijel\u00f6lt ter\u00fcletre t\u00f6rt\u00e9n\u0151 \u00e1tk\u00f6lt\u00f6ztet\u00e9st: Az egri zsid\u00f3 v\u00e1rosr\u00e9szre vonatkoz\u00f3 rendelkez\u00e9sek) az alisp\u00e1n rendelete a zsid\u00f3knak gett\u00f3ba val\u00f3 k\u00f6lt\u00f6ztet\u00e9s\u00e9r\u0151l, a zsid\u00f3 tan\u00e1csok megalak\u00edt\u00e1s\u00e1r\u00f3l. Az egyes szem\u00e9lyek sz\u00e1m\u00e1ra\n                      50 kg. s\u00faly\u00fa csomag, 15 napra \u00e9lelmiszer, als\u00f3 \u00e9s fels\u0151 ruhanem\u0171k, takar\u00f3k, fekv\u0151 alakalmatoss\u00e1gok. Elrendelte a lak\u00e1sokban l\u00e9v\u0151 ing\u00f3s\u00e1gok lelt\u00e1roz\u00e1s\u00e1t. \u201eHat\u00e1rozatom v\u00e9grehajt\u00e1sa ut\u00e1n a v\u00e1rmegye ter\u00fclet\u00e9n m\u00e1shol mint Eger, Gy\u00f6ngy\u00f6s\n                      v\u00e1rosok, illetve Hatvan \u00e9s Tiszaf\u00fcred gett\u00f3ul kijel\u00f6lt r\u00e9szein, valamint az egri j\u00e1r\u00e1shoz tartoz\u00f3 Bag\u00f3lyuki b\u00e1nyatelepen k\u00edv\u00fcl zsid\u00f3 faj\u00fa egy\u00e9n nem tart\u00f3zkodhatik \u00e9s telepedhetik le.&#8221;[3]\n                      <br>&nbsp;&nbsp;A kerecsendi t\u00e1bor vezet\u0151je dr. Polg\u00e1ry P\u00e1l, az egri j\u00e1r\u00e1s legsz\u00e9ls\u0151s\u00e9ges n\u00e9zeteir\u0151l h\u00edrhedt f\u0151szolgab\u00edr\u00f3ja volt. \u0150 volt az egyik megszervez\u0151je \u00e9s vezet\u0151je a megyei KABSZ-nak, a Keleti Arcvonal Bajt\u00e1rsi Sz\u00f6vets\u00e9gnek,\n                      amely a v\u00e9gs\u0151 kitart\u00e1st t\u0171zte ki c\u00e9lj\u00e1ul. J\u00e1r\u00e1sa gett\u00f3j\u00e1nak, a bag\u00f3lyukinak is a parancsnoka volt, de a tiszaf\u00fcredi gett\u00f3 lak\u00f3inak a kerecsendi t\u00e1borba sz\u00e1ll\u00edt\u00e1s\u00e1t \u00e9s a t\u00e1bort is \u0151 fel\u00fcgyelte. Dr. Zs\u00e1kay J\u00f3zsef egri rend\u0151rkapit\u00e1ny\n                      n\u00e9pb\u00edr\u00f3s\u00e1gi vallom\u00e1s\u00e1ban \u00edgy eml\u00e9kezett a gett\u00f3k kijel\u00f6l\u00e9s\u00e9re, illetve onnan a zsid\u00f3k elhurcol\u00e1s\u00e1ra: \u201eA gett\u00f3t Egerben \u00e9s egy\u00e9b k\u00f6zs\u00e9gekben is az alisp\u00e1n, dr. Szab\u00f3 Gyula jel\u00f6lte ki a hivatal\u00e1ban tartott megbesz\u00e9l\u00e9sen. 1944 \u00e9v m\u00e1jus\n                      v\u00e9g\u00e9n Budapestre a Bel\u00fcgyminiszt\u00e9riumba egy megbesz\u00e9l\u00e9sre voltak berendelve az \u00f6sszes rend\u0151rs\u00e9g \u00e9s csend\u0151rs\u00e9g vezet\u0151i. Baki \u00e9s Endre L\u00e1szl\u00f3 \u00e1llamtitk\u00e1rok jelenl\u00e9t\u00e9ben csend\u0151r t\u00f6rzstisztek el\u0151adt\u00e1k, hogy Magyarorsz\u00e1gr\u00f3l az \u00f6sszes\n                      zsid\u00f3k el lesznek sz\u00e1ll\u00edtva. A gett\u00f3kb\u00f3l t\u00e1borokba lesznek sz\u00e1ll\u00edtva, amelyet m\u00e1r a csend\u0151rs\u00e9g fog v\u00e9gezni. Itt a t\u00e1borhelyeket is megjel\u00f6lt\u00e9k \u00e9s Egert is kijel\u00f6lt\u00e9k, de az itteni helyi hat\u00f3s\u00e1g, az alisp\u00e1n megv\u00e1ltoztatta \u00e9s Kerecsendet,\n                      illetve a kerecsendi t\u00e9glagy\u00e1rat jel\u00f6lte ki a t\u00e1bor hely\u00e9nek. A t\u00e1borba besz\u00e1ll\u00edtand\u00f3k \u00fagy a felj\u00e1r\u00f3 mint a fekv\u0151, vagy esetleg k\u00f3rh\u00e1zi \u00e1pol\u00e1s alatt \u00e1ll\u00f3, s\u0151t m\u00e9g az elmebetegek is.&#8221;&#8221;[4]\n                      <br>&nbsp;&nbsp;Heves megye az \u00e9szak-magyarorsz\u00e1gi III. zsid\u00f3tlan\u00edt\u00e1si (gett\u00f3s\u00edt\u00e1s \u00e9s deport\u00e1l\u00e1s) m\u0171veleti z\u00f3n\u00e1ban fek\u00fcdt. A bel\u00fcgyminiszt\u00e9riumi megbesz\u00e9l\u00e9sen r\u00e9szt vett Adolf Eichmann is. Ezen a tan\u00e1cskoz\u00e1son d\u0151lt el, hogy a lakoss\u00e1g\u00e1t\n                      j\u00fanius 16-ig kell Kass\u00e1n \u00e1t Auschwitzba deport\u00e1lni.[5] Dr. Szab\u00f3 Gyula alisp\u00e1n:[6] \u201eA zsid\u00f3kkal kapcsolatos k\u00e9rd\u00e9sek elb\u00edr\u00e1l\u00e1s\u00e1ra Hatvanban volt egy &#8211; a bel\u00fcgyminiszt\u00e9riumb\u00f3l kik\u00fcld\u00f6tt &#8211; \u00fagynevezett tan\u00e1csad\u00f3 szerv, amely n\u00e9metekb\u0151l\n                      \u00e1llt, s ennek a d\u00f6nt\u00e9se volt ir\u00e1nyad\u00f3 a vonatkoz\u00f3 rendeletek \u00e9rtelmez\u00e9se \u00e9s v\u00e9grehajt\u00e1sa tekintet\u00e9ben.&#8221; A v\u00e1rmegyeh\u00e1z\u00e1n is volt t\u00f6bb megbesz\u00e9l\u00e9s az els\u0151fok\u00fa rend\u0151rhat\u00f3s\u00e1gok k\u00e9pvisel\u0151ivel.\n                      <br>&nbsp;&nbsp;Az egyes gett\u00f3kr\u00f3l sz\u00f3l\u00f3 visszaeml\u00e9kez\u00e9seket, illetve lev\u00e9lt\u00e1ri \u00e9s sajt\u00f3anyagokat gett\u00f3nk\u00e9nt pr\u00f3b\u00e1lom k\u00f6z\u00f6lni:<\/p>\n                  <\/div>\n                <\/div>\n                <div data-colibri-id=\"1167-c17\" class=\"h-text h-text-component style-1389 style-local-1167-c17 position-relative h-element\">\n                  <!---->\n                  <!---->\n                  <div class=\"\">\n                    <p>[1]&nbsp;HML. XXV-1.\/4\/150\/1945. 97 l.\n                      <br>[2]&nbsp;Eger.&nbsp;1944. 70.sz. V.5. 4 l.\n                      <br>[3]&nbsp;Eger.&nbsp;1944. V.6. 71. sz. 1 l.\n                      <br>[4]&nbsp;HML. XXV-1.\/4\/150\/1945. 134 l.\n                      <br>[5]&nbsp;Braham, Randolp L. 1988. II. 31 l.\n                      <br>[6]&nbsp;XXV-1\/4\/150\/1945. 624&nbsp;l.<\/p>\n                  <\/div>\n                <\/div>\n              <\/div>\n            <\/div>\n          <\/div>\n        <\/div>\n      <\/div>\n    <\/div>\n  <\/div>\n<\/div>","protected":false},"excerpt":{"rendered":"<p>Heves megyei hitk\u00f6zs\u00e9gek 1944. \u00e1prilis\u00e1ban [1]&nbsp; A min\u00e9l teljesebb nyilv\u00e1ntart\u00e1s \u00e9s elhurcolhat\u00f3s\u00e1g \u00e9rdek\u00e9ben a a n\u00e9met hat\u00f3s\u00e1gok rendelettel k\u00f6telezt\u00e9k a Magyar Zsid\u00f3k K\u00f6zponti Tan\u00e1cs\u00e1t, hogy k\u00e9rd\u0151\u00edveken \u00edrassa \u00f6ssze a magyarorsz\u00e1gi hitk\u00f6zs\u00e9gek adatait. A fennmaradt kartonlapok alapj\u00e1n 1944-ben a megy\u00e9ben 15 helys\u00e9gben 17 hitk\u00f6zs\u00e9g m\u0171k\u00f6d\u00f6tt, ebb\u0151l \u00f6t volt fi\u00f3khitk\u00f6zs\u00e9g. Egerben \u00e9s Gy\u00f6ngy\u00f6s\u00f6n k\u00e9t hitk\u00f6zs\u00e9g m\u0171k\u00f6d\u00f6tt, egyszerre [&hellip;]<\/p>\n","protected":false},"author":1,"featured_media":0,"parent":0,"menu_order":0,"comment_status":"closed","ping_status":"closed","template":"page-templates\/full-width-page.php","meta":{"footnotes":""},"class_list":["post-1167","page","type-page","status-publish","hentry"],"_links":{"self":[{"href":"https:\/\/hevesmemorial.hu\/index.php?rest_route=\/wp\/v2\/pages\/1167","targetHints":{"allow":["GET"]}}],"collection":[{"href":"https:\/\/hevesmemorial.hu\/index.php?rest_route=\/wp\/v2\/pages"}],"about":[{"href":"https:\/\/hevesmemorial.hu\/index.php?rest_route=\/wp\/v2\/types\/page"}],"author":[{"embeddable":true,"href":"https:\/\/hevesmemorial.hu\/index.php?rest_route=\/wp\/v2\/users\/1"}],"replies":[{"embeddable":true,"href":"https:\/\/hevesmemorial.hu\/index.php?rest_route=%2Fwp%2Fv2%2Fcomments&post=1167"}],"version-history":[{"count":6,"href":"https:\/\/hevesmemorial.hu\/index.php?rest_route=\/wp\/v2\/pages\/1167\/revisions"}],"predecessor-version":[{"id":2513,"href":"https:\/\/hevesmemorial.hu\/index.php?rest_route=\/wp\/v2\/pages\/1167\/revisions\/2513"}],"wp:attachment":[{"href":"https:\/\/hevesmemorial.hu\/index.php?rest_route=%2Fwp%2Fv2%2Fmedia&parent=1167"}],"curies":[{"name":"wp","href":"https:\/\/api.w.org\/{rel}","templated":true}]}}