{"id":1169,"date":"2022-02-28T06:23:08","date_gmt":"2022-02-28T06:23:08","guid":{"rendered":"https:\/\/hevesmemorial.hu\/?page_id=1169"},"modified":"2022-05-28T17:32:47","modified_gmt":"2022-05-28T17:32:47","slug":"osszegzes","status":"publish","type":"page","link":"https:\/\/hevesmemorial.hu\/?page_id=1169","title":{"rendered":"\u00d6SSZEGZ\u00c9S"},"content":{"rendered":"<div data-colibri-id=\"1169-c1\" class=\"style-1276 style-local-1169-c1 position-relative\">\n  <!---->\n  <div data-colibri-component=\"section\" data-colibri-id=\"1169-c10\" id=\"custom\" class=\"h-section h-section-global-spacing d-flex align-items-lg-center align-items-md-center align-items-center style-1285 style-local-1169-c10 position-relative\">\n    <!---->\n    <!---->\n    <div class=\"h-section-grid-container h-section-boxed-container\">\n      <!---->\n      <div data-colibri-id=\"1169-c11\" class=\"h-row-container gutters-row-lg-2 gutters-row-md-2 gutters-row-0 gutters-row-v-lg-2 gutters-row-v-md-2 gutters-row-v-2 style-1286 style-local-1169-c11 position-relative\">\n        <!---->\n        <div class=\"h-row justify-content-lg-center justify-content-md-center justify-content-center align-items-lg-stretch align-items-md-stretch align-items-stretch gutters-col-lg-2 gutters-col-md-2 gutters-col-0 gutters-col-v-lg-2 gutters-col-v-md-2 gutters-col-v-2\">\n          <!---->\n          <div class=\"h-column h-column-container d-flex h-col-lg-auto h-col-md-auto h-col-auto style-1287-outer style-local-1169-c12-outer\">\n            <div data-colibri-id=\"1169-c12\" class=\"d-flex h-flex-basis h-column__inner h-px-lg-2 h-px-md-2 h-px-2 v-inner-lg-2 v-inner-md-2 v-inner-2 style-1287 style-local-1169-c12 position-relative\">\n              <!---->\n              <!---->\n              <div class=\"w-100 h-y-container h-column__content h-column__v-align flex-basis-100 align-self-lg-start align-self-md-start align-self-start\">\n                <!---->\n                <div data-colibri-id=\"1169-c13\" class=\"h-text h-text-component style-1627 style-local-1169-c13 justified position-relative h-element\">\n                  <!---->\n                  <!---->\n                  <div class=\"\">\n                    <p><span style=\"font-weight: 700;\">\u00d6SSZEGZ\u00c9S<\/span><\/p>\n                    <p>&nbsp;&nbsp;A Heves megyei zsid\u00f3s\u00e1g t\u00f6rt\u00e9nete mintegy hatsz\u00e1z \u00e9vre tekint vissza, azonban a t\u00f6meges beteleped\u00e9s, az asszimil\u00e1ci\u00f3, \u00e9s a vir\u00e1gkor nagyj\u00e1b\u00f3l 150 \u00e9vre tehet\u0151, a 19. sz\u00e1zad elej\u00e9t\u0151l a Holocaustig.&nbsp;\n                      <br>&nbsp;&nbsp;A nagyr\u00e9szt m\u00e1r Magyarorsz\u00e1gon sz\u00fcletett, nyugatr\u00f3l \u00e9s keletr\u0151l egyar\u00e1nt sz\u00e1rmaz\u00f3 zsid\u00f3 n\u00e9pess\u00e9g a helyi k\u00f6z\u00f6ss\u00e9g integr\u00e1ns r\u00e9sze lett. Ez a folyamat az orsz\u00e1gos- \u00e9s vil\u00e1gpolitika, a gazdas\u00e1gi \u00e9s t\u00e1rsadalmi folyamatok\n                      \u00e1ltal determin\u00e1lva ment v\u00e9gbe, m\u00e9gis a helyi saj\u00e1toss\u00e1gok, adotts\u00e1gok is d\u00f6nt\u0151en befoly\u00e1solt\u00e1k. A beilleszked\u00e9s nagyban f\u00fcgg\u00f6tt a befogad\u00f3 t\u00e1rsadalom k\u00e9szs\u00e9g\u00e9t\u0151l, a helyi lehet\u0151s\u00e9gekt\u0151l, \u00e9s sz\u00fcks\u00e9gszer\u0171s\u00e9gekt\u0151l. A meglehet\u0151sen merev\n                      feud\u00e1lis t\u00e1rsadalmi szerkezetben kezdetben a megl\u00e9v\u0151 hi\u00e1nyoss\u00e1gokat kihaszn\u00e1lva l\u00e9ptek be, p\u00e9ld\u00e1ul a helyi kereskedelem alacsony szintj\u00e9t kihaszn\u00e1lva, a kisiparba els\u0151sorban a hi\u00e1nyszakm\u00e1kba, a f\u00f6ldes\u00fari jogok b\u00e9rlet\u00e9vel a helyi\n                      hitellehet\u0151s\u00e9gek megteremt\u00e9s\u00e9vel.\n                      <br>&nbsp;&nbsp;A kis falvakban, els\u0151sorban a M\u00e1tr\u00e1ban a f\u00f6ldes\u00fari enged\u00e9llyel megtelep\u00fclt egy-k\u00e9t csal\u00e1d a f\u00f6ldes\u00fari kocsm\u00e1t \u00e1rend\u00e1lta, majd f\u00f6ldet b\u00e9relt, szat\u00f3csboltot tartott fenn, \u00e9s kiel\u00e9g\u00edtette a helyi hitelig\u00e9nyeket. A nagyobb\n                      kereskedelmi k\u00f6zpontokba, Gy\u00f6ngy\u00f6sre, Hevesre, P\u00e1szt\u00f3ra, Tiszaf\u00fcredre m\u00e1r kor\u00e1bban, de f\u0151k\u00e9nt a 18. sz\u00e1zadt\u00f3l megkezd\u0151d\u00f6tt a beteleped\u00e9s. A d\u00e9li ter\u00fcletekr\u0151l j\u00e1rtak \u00e1t a h\u00e1zal\u00f3 keresked\u0151k a 19. sz\u00e1zad k\u00f6zep\u00e9ig beteleped\u00e9si tilalommal\n                      s\u00fajtott, a kiv\u00e1lts\u00e1gaikat f\u00e9lt\u0151 J\u00e1szs\u00e1gba \u00e9s a Nagykuns\u00e1gba. Egerbe az 1840-es t\u00f6rv\u00e9ny el\u0151tt is rendszeresen bej\u00e1rtak a k\u00f6rny\u00e9kbeli zsid\u00f3k, majd a leteleped\u00e9s megenged\u00e9se ut\u00e1n gyorsan v\u00e9gbement a k\u00f6z\u00f6ss\u00e9g nagyobb ar\u00e1ny\u00fa megszaporod\u00e1sa.\n                      <br>&nbsp;&nbsp;A sz\u00e1zad els\u0151 fel\u00e9ben, a prekapitalista id\u0151szakban a nap\u00f3leoni h\u00e1bor\u00fakt\u00f3l kezdve megindult a t\u0151keakkumul\u00e1ci\u00f3, amely el\u0151sz\u00f6r az ingatlanokba, majd f\u00f6ldbirtokv\u00e1s\u00e1rl\u00e1sba, illetve a sz\u00e1zad utols\u00f3 negyed\u00e9t\u0151l a gyors iparosod\u00e1s\n                      kezdet\u00e9vel be\u00e1ramlott a gazdas\u00e1g k\u00fcl\u00f6nb\u00f6z\u0151 ter\u00fcleteire, megteremtve ezzel a moderniz\u00e1ci\u00f3 lehet\u0151s\u00e9geit. A sz\u00e1zad m\u00e1sodik fel\u00e9ben, f\u0151k\u00e9nt a kiegyez\u00e9s ut\u00e1n els\u0151 l\u00e9p\u00e9sk\u00e9nt a sorra alakul\u00f3 p\u00e9nzint\u00e9zetek jelentett\u00e9k a megindul\u00f3 gazdas\u00e1gi\n                      folyamatokhoz a felt\u00e9teleket, amelyet l\u00e9trehoz\u00e1s\u00e1ban mind a felhalmozott p\u00e9nz\u00e9vel, mind az \u00e9vsz\u00e1zadok sor\u00e1n a hitel\u00fcgyletekben szerzett tapasztalataival nagy szerepet v\u00e1llaltak a megye zsid\u00f3 lakosai. A t\u00e9rs\u00e9g saj\u00e1tos mez\u0151gazdas\u00e1gi\n                      jelleg\u00e9nek megfelel\u0151en d\u00f6nt\u0151en \u00e9lelmiszeripari v\u00e1llalkoz\u00e1sok j\u00f6ttek l\u00e9tre; a g\u0151zmalmok l\u00e9tes\u00edt\u00e9se m\u00e1r a sz\u00e1zad k\u00f6zep\u00e9t\u0151l megindult, illetve a sz\u0151l\u0151feldolgoz\u00e1s, majd a legnagyobb t\u00e9telben a hatvani ipari komplexum jelentette a megye\n                      ipar\u00e1nak ki\u00e9p\u00fcl\u00e9s\u00e9t.\n                      <br>&nbsp;&nbsp;A megye kereskedelm\u00e9ben is d\u00f6nt\u0151 szerepet j\u00e1tszottak, ezt t\u00e1masztj\u00e1k al\u00e1 a k\u00fcl\u00f6nb\u00f6z\u0151 foglalkoz\u00e1si statisztik\u00e1k, illetve a c\u00e9gjegyz\u00e9k adatai is. A zsid\u00f3 keresked\u0151k megteremtett\u00e9k a felt\u00e9teleit a 19. sz\u00e1zad elej\u00e9t\u0151l kibontakoz\u00f3\n                      mez\u0151gazdas\u00e1gi \u00e1rutermel\u00e9snek, a megye \u00e9lelmiszer-feldolgoz\u00f3 ipar\u00e1nak l\u00e9trehoz\u00e1s\u00e1val pedig a megy\u00e9ben megtermelt mez\u0151gazdas\u00e1gi \u00e1rufelesleg nagyobb haszonnal val\u00f3 \u00e9rt\u00e9kes\u00edt\u00e9s\u00e9t, \u00e9s ezzel a megye lakoss\u00e1g\u00e1nak jobb \u00e9letfelt\u00e9teleinek\n                      megteremt\u00e9s\u00e9t tett\u00e9k lehet\u0151v\u00e9.\n                      <br>&nbsp;&nbsp;A merev t\u00e1rsadalmi szerkezetbe felem\u00e1san tagol\u00f3dtak be. Elt\u00e9rt a st\u00e1tuszuk a kisebb telep\u00fcl\u00e9seken l\u00e9v\u0151 egy, vagy mind\u00f6ssze n\u00e9h\u00e1ny csal\u00e1dnak, akik a falu keresked\u0151ik\u00e9nt, avagy orvosk\u00e9nt, \u00fcgyv\u00e9dk\u00e9nt a falusi t\u00e1rsadalom\n                      integr\u00e1ns r\u00e9sz\u00e9t k\u00e9pezt\u00e9k. A nagyobb k\u00f6zpontokban m\u00e1r nehezebb volt a beilleszked\u00e9s, mert a nagyobb k\u00f6z\u00f6ss\u00e9gek egy\u00fattal kifel\u00e9 is z\u00e1rtabbak voltak, \u00e9s az antiszemitizmus er\u0151s\u00f6d\u00e9s\u00e9vel a t\u00e1rsadalmi elutas\u00edt\u00e1s is jobban s\u00fajtotta \u0151ket.\n                      Mindazon\u00e1ltal a 19. sz\u00e1zad els\u0151 fel\u00e9t\u0151l v\u00e9gbement egy bizonyos vagyoni, \u00e9s t\u00e1rsadalmi r\u00e9tegz\u0151d\u00e9s a helyi zsid\u00f3 k\u00f6z\u00f6ss\u00e9gekben is. A sz\u00e1zad m\u00e1sodik fel\u00e9ben igyekeztek t\u00e1rsadalmi st\u00e1tuszuknak megfelel\u0151en integr\u00e1l\u00f3dni a helyi t\u00e1rsadalomba.\n                      Ezt seg\u00edtett\u00e9k el\u0151 a k\u00fcl\u00f6nb\u00f6z\u0151 t\u00e1rsadalmi szervezetek, az iparos \u00e9s keresked\u0151 t\u00e1rsas\u00e1gok, kamar\u00e1k, a kaszin\u00f3k \u00e9s az egyes\u00fcletek.\n                      <br>&nbsp;&nbsp;A zsid\u00f3s\u00e1g akkultur\u00e1ci\u00f3j\u00e1val, a nyelvv\u00e1lt\u00e1ssal, a helyi szok\u00e1sok \u00e1tv\u00e9tel\u00e9vel, a szekulariz\u00e1ci\u00f3val kialakultak bizonyos szomsz\u00e9di, \u00fczleti kapcsolatok, bar\u00e1ti kapcsolatok kezdetei. A sz\u00e1zadfordul\u00f3t\u00f3l kezdve megszaporodtak\n                      a kit\u00e9r\u00e9sek, illetve a vegyes h\u00e1zass\u00e1gok, a megye zsid\u00f3s\u00e1g\u00e1nak nagyobb r\u00e9sze azonban ragaszkodott magyar zsid\u00f3 identit\u00e1s\u00e1hoz. Vall\u00e1si tekintetben megoszlottak, de az asszimil\u00e1ci\u00f3s \u00e9s vall\u00e1si konfliktusok ut\u00e1n kialakult egy bizonyos\n                      egyens\u00falyi helyzet. A vall\u00e1ssal foglalkoz\u00f3, abb\u00f3l \u00e9l\u0151 emberek, illetve a kiskeresked\u0151-kisiparos r\u00e9teg egy r\u00e9sze ragaszkodott a hagyom\u00e1nyok szigor\u00fa betart\u00e1s\u00e1hoz, b\u00e1r \u0151k is m\u00e1r t\u00f6bbnyire csak a magyar nyelvet besz\u00e9lt\u00e9k, \u00e9s szok\u00e1saikban\n                      is igazodtak a kereszt\u00e9ny lakosokhoz. A t\u00f6bbiek pedig a vall\u00e1s, a hagyom\u00e1ny bizonyos elemeit tartott\u00e1k meg, a k\u00f6z\u00f6ss\u00e9ghez t\u00f6bbnyire ragaszkodtak, a nagy \u00fcnnepeken templomba j\u00e1rtak, gyermekeiknek megtan\u00edttatt\u00e1k a legfontosabb vall\u00e1si\n                      szok\u00e1sokat, ismereteket. Ezenk\u00edv\u00fcl m\u00e1r egy\u00e1ltal\u00e1n nem ragaszkodtak a szok\u00e1sok betart\u00e1s\u00e1hoz. A szabads\u00e1gharc, a f\u00fcggetlens\u00e9gi k\u00fczdelmek egyar\u00e1nt er\u0151s\u00edtett\u00e9k a magyar identit\u00e1st, a k\u00f6z\u00f6s sors v\u00e1llal\u00e1s\u00e1t, ezt sz\u00e1mtalan megnyilv\u00e1nul\u00e1s\n                      is tan\u00fas\u00edtja. Az els\u0151 vil\u00e1gh\u00e1bor\u00fa z\u00e1rta le ezt a vir\u00e1gz\u00f3 id\u0151szakot.\n                      <br>&nbsp;&nbsp;A Horthy-korszak m\u00e1s, hanyatl\u00f3 tendenci\u00e1t jelentett nemcsak a megye, de a helyi zsid\u00f3s\u00e1g \u00e9let\u00e9ben is. Minderre n\u00f6vekv\u0151 elv\u00e1ndorl\u00e1ssal v\u00e1laszoltak, h\u00fasz esztend\u0151 alatt a k\u00f6z\u00f6ss\u00e9g majd 30 %-a k\u00f6lt\u00f6z\u00f6tt el a megy\u00e9b\u0151l, \u00e9s\n                      a megy\u00e9n bel\u00fcl is tov\u00e1bb folytat\u00f3dott a nagyobb k\u00f6zpontokba val\u00f3 koncentr\u00e1l\u00f3d\u00e1suk.\n                      <br>&nbsp;&nbsp;Gazdas\u00e1gi lehet\u0151s\u00e9geik Trianon ut\u00e1n besz\u0171k\u00fcltek, t\u00e1rsadalmilag a kereszt\u00e9ny k\u00f6z\u00e9poszt\u00e1ly tasz\u00edtotta el \u0151ket, m\u00e9g ha gazdas\u00e1gi kapcsolataik tov\u00e1bb \u00e9ltek is. A zsid\u00f3t\u00f6rv\u00e9nyek megszor\u00edt\u00e1sai egyre rosszabb helyzetbe hozta\n                      a helyi zsid\u00f3s\u00e1got, mindez kedvez\u0151tlen\u00fcl hatott a megye ipari, kereskedelmi ell\u00e1totts\u00e1g\u00e1ra, akkor, amikor a h\u00e1bor\u00fa miatt am\u00fagy is j\u00f3val nehezebb lett a helyzet. A munkaszolg\u00e1latra elhurcolt f\u00e9rfiak kies\u00e9se szint\u00e9n negat\u00edvan hatott\n                      a megye \u00e9let\u00e9re, a kereskedelemben, az iparban, az eg\u00e9szs\u00e9g\u00fcgyben egyar\u00e1nt.\n                      <br>&nbsp;&nbsp;A Holocaust egy igen term\u00e9keny korszak v\u00e9g\u00e9t jelentette. A felszabadul\u00e1s ut\u00e1n m\u00e1r csak a t\u00f6red\u00e9k t\u00e9rt vissza, akik nem tudt\u00e1k, \u00e9s nem is akart\u00e1k a kor\u00e1bbi gazdag k\u00f6z\u00f6ss\u00e9gi l\u00e9tet felt\u00e1masztani. A megye zsid\u00f3 keresked\u0151inek\n                      t\u00f6bb \u00e9vsz\u00e1zados tapasztalat\u00e1t, a zsid\u00f3 \u00e9rtelmis\u00e9giek, orvosok, \u00fcgyv\u00e9dek, \u00fajs\u00e1g\u00edr\u00f3k hozz\u00e1\u00e1ll\u00e1s\u00e1t nem siker\u00fclt p\u00f3tolni. Eml\u00e9k\u00fck eddig mind\u00f6ssze az id\u0151sebb emberek eml\u00e9kezet\u00e9ben maradt meg, egy vir\u00e1gz\u00f3 korszak \u00e9s k\u00f6z\u00f6ss\u00e9g eml\u00e9k\u00e9re.<\/p>\n                  <\/div>\n                <\/div>\n              <\/div>\n            <\/div>\n          <\/div>\n        <\/div>\n      <\/div>\n    <\/div>\n  <\/div>\n<\/div>","protected":false},"excerpt":{"rendered":"<p>\u00d6SSZEGZ\u00c9S &nbsp;&nbsp;A Heves megyei zsid\u00f3s\u00e1g t\u00f6rt\u00e9nete mintegy hatsz\u00e1z \u00e9vre tekint vissza, azonban a t\u00f6meges beteleped\u00e9s, az asszimil\u00e1ci\u00f3, \u00e9s a vir\u00e1gkor nagyj\u00e1b\u00f3l 150 \u00e9vre tehet\u0151, a 19. sz\u00e1zad elej\u00e9t\u0151l a Holocaustig.&nbsp; &nbsp;&nbsp;A nagyr\u00e9szt m\u00e1r Magyarorsz\u00e1gon sz\u00fcletett, nyugatr\u00f3l \u00e9s keletr\u0151l egyar\u00e1nt sz\u00e1rmaz\u00f3 zsid\u00f3 n\u00e9pess\u00e9g a helyi k\u00f6z\u00f6ss\u00e9g integr\u00e1ns r\u00e9sze lett. Ez a folyamat az orsz\u00e1gos- \u00e9s vil\u00e1gpolitika, [&hellip;]<\/p>\n","protected":false},"author":1,"featured_media":0,"parent":0,"menu_order":0,"comment_status":"closed","ping_status":"closed","template":"page-templates\/full-width-page.php","meta":{"footnotes":""},"class_list":["post-1169","page","type-page","status-publish","hentry"],"_links":{"self":[{"href":"https:\/\/hevesmemorial.hu\/index.php?rest_route=\/wp\/v2\/pages\/1169","targetHints":{"allow":["GET"]}}],"collection":[{"href":"https:\/\/hevesmemorial.hu\/index.php?rest_route=\/wp\/v2\/pages"}],"about":[{"href":"https:\/\/hevesmemorial.hu\/index.php?rest_route=\/wp\/v2\/types\/page"}],"author":[{"embeddable":true,"href":"https:\/\/hevesmemorial.hu\/index.php?rest_route=\/wp\/v2\/users\/1"}],"replies":[{"embeddable":true,"href":"https:\/\/hevesmemorial.hu\/index.php?rest_route=%2Fwp%2Fv2%2Fcomments&post=1169"}],"version-history":[{"count":5,"href":"https:\/\/hevesmemorial.hu\/index.php?rest_route=\/wp\/v2\/pages\/1169\/revisions"}],"predecessor-version":[{"id":2527,"href":"https:\/\/hevesmemorial.hu\/index.php?rest_route=\/wp\/v2\/pages\/1169\/revisions\/2527"}],"wp:attachment":[{"href":"https:\/\/hevesmemorial.hu\/index.php?rest_route=%2Fwp%2Fv2%2Fmedia&parent=1169"}],"curies":[{"name":"wp","href":"https:\/\/api.w.org\/{rel}","templated":true}]}}